 p be x/t + (-1)/3. Calculate the greatest common factor of 17 and p.
17
Let c be (-1339)/(-91) + (-4)/(-14). Calculate the greatest common factor of 165 and c.
15
Let y(q) = -2*q**3 - 3*q**2 - q - 2. Let j be y(-2). Calculate the highest common factor of j and 20.
4
Let p be (-225)/18*54/(-5). What is the greatest common divisor of p and 15?
15
Suppose -236 + 61 = -a. What is the highest common divisor of 70 and a?
35
Suppose -5*d = 2*b + b - 30, 24 = 4*d - 5*b. What is the highest common divisor of 2 and d?
2
Suppose -11*r + 81 = -183. What is the greatest common divisor of r and 3?
3
Let b = 7 - 2. What is the highest common factor of 45 and b?
5
Let g be (1/2)/((-20)/(-800)). Calculate the highest common factor of g and 30.
10
Let b(d) = -2*d - 12. Suppose 8*t = 5*t - 27. Let n be b(t). Calculate the greatest common divisor of n and 6.
6
Suppose 4 = -3*v - 11. Let p(u) = u**2 + 4*u - 1. Let k be p(v). Suppose q + k*o - 9 = 2*o, 5*o - 21 = -2*q. Calculate the highest common factor of q and 2.
1
Let k be 6*(-3 - 146/(-4)). Suppose n = k - 58. What is the highest common divisor of 13 and n?
13
Suppose -5*f = -6*f + 22. What is the highest common divisor of f and 88?
22
Suppose -w - 96 = -3*w. Calculate the greatest common divisor of w and 12.
12
Let l be (-4)/(-7) + 38/7. Calculate the greatest common factor of l and 15.
3
Let k(n) = -19*n - 3. Let w be k(-3). What is the greatest common divisor of 9 and w?
9
Suppose 0 = 5*p + 1 - 11. Let d(w) = w**2 - 6*w + 3. Let o be d(6). Suppose -o*z + p*z = -5*y + 44, -z = -y + 12. What is the highest common divisor of y and 1?
1
Suppose 5*d - 9 = 56. Suppose -13 + 6 = -p. Let n(a) = -a**2 + 17*a - 5. Let o be n(p). Calculate the highest common divisor of d and o.
13
Let k(o) = -o - 2. Let c be k(-6). Suppose c*p + 8 = 0, -3*r = 2*p - 14 - 36. Calculate the highest common divisor of 6 and r.
6
Let t be (6/(-4) - -1)*26. Let u = t + 25. Let l(i) = i**2 - 2*i - 3. Let b be l(-9). What is the highest common divisor of b and u?
12
Let u(o) = -o**2 - 21*o + 16. Let p be u(-21). What is the greatest common factor of p and 32?
16
Suppose -2*u = 2*u - 24. Let l be -3 + (0 - -2) + 25. Suppose 2*z - l = -3*b, 2*b + 20 = 3*z - 16. What is the highest common factor of u and z?
6
Suppose 4*i = 2*d + 42, -12 = -5*i - 4*d + 21. Suppose w - 2*c = -c + 27, -i = -w - 5*c. Let r = w + -15. Calculate the greatest common factor of r and 36.
9
Suppose 4*i - 24 = -u, -5*u - i + 102 = -18. Let o(r) = -r**2 + 7*r. Let p be o(6). Suppose -p*k + 20 = -k. What is the highest common factor of k and u?
4
Let n be (-1 + -2 - -138) + -3. Calculate the greatest common factor of n and 12.
12
Suppose 230 = 8*h + 54. Suppose 0 = -4*i + 61 + 159. What is the greatest common divisor of i and h?
11
Let x(y) = -y**2 - 9*y - 6. Let c(l) = 3*l - 1. Let v be c(-2). Let z be x(v). What is the greatest common divisor of z and 64?
8
Suppose -2*o + 1 = -17. Suppose -5*s + 31 = -o. What is the greatest common factor of s and 12?
4
Suppose -2*k = 2*z - 28, 3*z - 3*k = 12 + 48. Let x = -299 - -435. What is the highest common divisor of z and x?
17
Let b(n) = 9*n**2 + 2*n - 1. Let v be b(1). What is the greatest common factor of v and 110?
10
Let m = -3 + 7. Let f be (0/m - -2)*13. What is the highest common factor of 52 and f?
26
Let i(b) = b + 61. Let x be i(13). Calculate the highest common factor of 111 and x.
37
Let n = 15 + -8. Let m = -2 + 3. Suppose 2*l = 1 + m. Calculate the highest common divisor of l and n.
1
Let c = 1 - 1. Let m(n) = 11*n**2 + 2*n - 1. Let w be m(-5). Suppose 3*q - w = -c*q. What is the highest common divisor of 8 and q?
8
Suppose -18 = -2*y + 2. Let j be (-3 + y/4)*-18. Calculate the highest common divisor of 45 and j.
9
Let p be (-147)/((3 - 2)*1). Let t be p/((-2 + 1)*1). Calculate the highest common divisor of 21 and t.
21
Let w be (16/(-5))/((-2)/5). Suppose -6*l = -3*l - 264. What is the highest common factor of w and l?
8
Suppose 0 = -z + o - 3*o - 4, 12 = -2*z - 5*o. Let w be 42 + (z - 2 - -1). Suppose 0 = r - 3 - 2. What is the highest common factor of r and w?
5
Let z be 5/2 - (-7)/14. Let d = -1 - -4. What is the greatest common factor of z and d?
3
Let n(z) = -z**3 + 3*z**2 - 3*z - 3. Let l be n(5). Let s = l + 123. Let c = 37 - 26. What is the highest common factor of s and c?
11
Suppose 3*l = -0*l + 4*p + 1608, 2*l - 1083 = -p. Calculate the highest common divisor of l and 60.
60
Let s(n) = n**3 - 7*n**2 + 6*n + 3. Let d be s(6). Let r be 1/4 - (-155)/4. Suppose 69 + r = d*v. What is the greatest common divisor of 12 and v?
12
Let d(o) = -o - 7. Let j be d(-8). Suppose -5*k - j = -61. Let v = 22 - k. Calculate the highest common divisor of 20 and v.
10
Let u be (-53 - -3)/((-6)/3). Let v = u + -7. Let m(l) = l**2 + 4*l - 3. Let o be m(-5). What is the highest common divisor of o and v?
2
Let a = -41 - -71. Calculate the greatest common factor of a and 75.
15
Let h(d) = -7*d**3 + 12*d**2 + 2*d + 4. Let x(g) = -g**3 + g + 1. Let u(j) = h(j) - 6*x(j). Let t be u(5). What is the greatest common divisor of t and 17?
17
Let r be -1*3/6*-4. Calculate the greatest common divisor of r and 10.
2
Let w = 41 + -34. What is the greatest common factor of 7 and w?
7
Suppose -2*b - a + 49 = -0*b, -8 = -b + 5*a. What is the highest common factor of b and 69?
23
Let d = 68 - 40. Suppose -2*p - p + d = u, 2*u + 32 = 5*p. Calculate the greatest common divisor of 72 and p.
8
Let s(h) = h - 1. Let b be s(4). Suppose b*l + 0 = 2*f - 14, 4*l = 4*f - 28. What is the greatest common factor of 21 and f?
7
Let u = -1 - -5. Suppose 5 = 5*q, 3*h - 68 = -0*h + u*q. Calculate the greatest common divisor of h and 16.
8
Let o = -49 - -76. What is the greatest common factor of 216 and o?
27
Let f(p) = -p + 7*p + 0*p. Let z be f(-7). Let v be z/(-9)*3*9. Calculate the highest common factor of v and 18.
18
Let c(f) = f**3 + 2*f**2 - 7*f - 5. Let i be c(-4). Let t be (-2)/i + (-3230)/(-45). What is the greatest common factor of t and 9?
9
Suppose 0 = k - 3*y - 31, -5*y + 69 = 3*k - 10. Calculate the highest common factor of 252 and k.
28
Let c(h) = -43*h**3 + h**2 + h - 1. Let s be c(-1). Calculate the greatest common factor of s and 42.
42
Suppose -11*u = -7*u - 48. Calculate the highest common factor of 3 and u.
3
Suppose 5*z - 4 - 9 = -m, 0 = 5*m + z - 17. Suppose -3*i - 27 = -12*i. Calculate the highest common factor of i and m.
3
Suppose -4*j + 50 + 18 = i, -5*i + 400 = 5*j. Calculate the greatest common factor of 12 and i.
12
Let h(i) = i + 2. Let w be h(0). Suppose -w*v + 0*v + 57 = -3*f, 0 = 2*f + 6. Let b(n) = 8*n. Let a be b(1). Calculate the highest common divisor of v and a.
8
Let s be 2/7 + 2/(-7). Let k be (4/2 + s)/(-1). Let b = k - -38. Calculate the highest common factor of 24 and b.
12
Let o(m) = 5*m**2 + 4*m - 1. Let s be o(4). Suppose 1 = 4*t - 7. Suppose -c = -3*c - 3*p + 38, 0 = -t*p. Calculate the greatest common divisor of s and c.
19
Let r = -8 + 10. Suppose -r*n - 15 = -7*n. What is the greatest common factor of n and 3?
3
Let x be 488/24 - (6 - 3)/9. Let j = 8 - -2. Calculate the greatest common factor of j and x.
10
Suppose -14*u = -9*u - 75. What is the greatest common factor of u and 135?
15
Suppose 351 = 5*n - 2*u - 93, u = -2*n + 183. Calculate the highest common divisor of n and 60.
30
Let o = -47 - -81. Suppose -2*p = -0*p. Suppose -h + 0*h + 51 = p. Calculate the greatest common divisor of o and h.
17
Suppose -5*d + 6*d - 117 = 0. Calculate the highest common divisor of d and 13.
13
Suppose -4*v = -7 - 1. Let q be 9 + v*(-2)/(-4). Let u = 1851 + -1821. What is the highest common factor of q and u?
10
Let q(s) = s**2 - 11*s - 6. Let p be q(11). Let v = p + 10. Suppose -k + 23 = -v. Calculate the greatest common factor of 9 and k.
9
Suppose -2*d = -5*q - 40, d + 4*q = q + 42. Suppose 0*o = -2*o + 30. What is the greatest common divisor of d and o?
15
Let r(t) = 79*t - 2. Let h be r(1). What is the greatest common factor of h and 7?
7
Let a(y) = 5*y**2 + 2*y + 1. Let o be a(-1). What is the greatest common factor of o and 4?
4
Let a be (-3)/((-9)/312 + 0). Suppose 0 = 2*i - 6*i + a. Suppose 2*o - i - 10 = 0. What is the highest common factor of o and 54?
18
Let w be (-85 - 1) + -2 + 4. Let r be (w/20)/((-2)/10).